Calculate the remainder when 2750 is divided by 14.
6
Calculate the remainder when 3075 is divided by 206.
191
What is the remainder when 7804 is divided by 12?
4
Calculate the remainder when 84 is divided by 18.
12
What is the remainder when 292 is divided by 101?
90
What is the remainder when 47648 is divided by 50?
48
Calculate the remainder when 144 is divided by 49.
46
Calculate the remainder when 47 is divided by 8.
7
What is the remainder when 797 is divided by 17?
15
Calculate the remainder when 71 is divided by 37.
34
What is the remainder when 1334 is divided by 17?
8
Calculate the remainder when 50 is divided by 26.
24
Calculate the remainder when 23 is divided by 8.
7
Calculate the remainder when 3102 is divided by 29.
28
Calculate the remainder when 245 is divided by 136.
109
What is the remainder when 908 is divided by 58?
38
What is the remainder when 43197 is divided by 24?
21
What is the remainder when 1034 is divided by 69?
68
What is the remainder when 69 is divided by 37?
32
Calculate the remainder when 402 is divided by 17.
11
Calculate the remainder when 4365 is divided by 26.
23
What is the remainder when 4704 is divided by 13?
11
What is the remainder when 298 is divided by 115?
68
What is the remainder when 529 is divided by 19?
16
What is the remainder when 7035 is divided by 1172?
3
What is the remainder when 114 is divided by 23?
22
What is the remainder when 446 is divided by 212?
22
What is the remainder when 36 is divided by 24?
12
What is the remainder when 233 is divided by 17?
12
What is the remainder when 387 is divided by 3?
0
Calculate the remainder when 34 is divided by 14.
6
What is the remainder when 213 is divided by 8?
5
Calculate the remainder when 2037 is divided by 68.
65
Calculate the remainder when 1951 is divided by 61.
60
What is the remainder when 834 is divided by 324?
186
Calculate the remainder when 796 is divided by 47.
44
Calculate the remainder when 57 is divided by 30.
27
Calculate the remainder when 49 is divided by 5.
4
What is the remainder when 115 is divided by 8?
3
Calculate the remainder when 11 is divided by 9.
2
Calculate the remainder when 61 is divided by 59.
2
Calculate the remainder when 117 is divided by 45.
27
Calculate the remainder when 6205 is divided by 27.
22
What is the remainder when 77 is divided by 48?
29
What is the remainder when 772 is divided by 60?
52
Calculate the remainder when 121 is divided by 20.
1
What is the remainder when 41 is divided by 17?
7
Calculate the remainder when 156 is divided by 24.
12
Calculate the remainder when 6082 is divided by 36.
34
What is the remainder when 309 is divided by 64?
53
Calculate the remainder when 4530 is divided by 103.
101
What is the remainder when 127 is divided by 19?
13
What is the remainder when 1121 is divided by 6?
5
What is the remainder when 2813 is divided by 354?
335
What is the remainder when 3356 is divided by 84?
80
What is the remainder when 994 is divided by 490?
14
Calculate the remainder when 941 is divided by 35.
31
Calculate the remainder when 47 is divided by 25.
22
Calculate the remainder when 2973 is divided by 495.
3
Calculate the remainder when 638 is divided by 89.
15
Calculate the remainder when 165 is divided by 5.
0
Calculate the remainder when 54 is divided by 16.
6
Calculate the remainder when 69 is divided by 31.
7
What is the remainder when 427 is divided by 33?
31
Calculate the remainder when 270 is divided by 117.
36
What is the remainder when 327 is divided by 41?
40
What is the remainder when 4282 is divided by 253?
234
Calculate the remainder when 291 is divided by 41.
4
What is the remainder when 12457 is divided by 5?
2
Calculate the remainder when 2604 is divided by 1288.
28
Calculate the remainder when 240 is divided by 27.
24
What is the remainder when 508 is divided by 2?
0
Calculate the remainder when 80 is divided by 73.
7
What is the remainder when 2221 is divided by 9?
7
Calculate the remainder when 808 is divided by 27.
25
What is the remainder when 872 is divided by 123?
11
Calculate the remainder when 92 is divided by 15.
2
Calculate the remainder when 676 is divided by 167.
8
Calculate the remainder when 1403 is divided by 78.
77
What is the remainder when 74 is divided by 38?
36
Calculate the remainder when 122 is divided by 15.
2
What is the remainder when 2709 is divided by 670?
29
Calculate the remainder when 627 is divided by 90.
87
Calculate the remainder when 141 is divided by 48.
45
What is the remainder when 223 is divided by 32?
31
What is the remainder when 14440 is divided by 83?
81
Calculate the remainder when 175 is divided by 45.
40
Calculate the remainder when 260 is divided by 143.
117
What is the remainder when 796 is divided by 73?
66
Calculate the remainder when 132 is divided by 83.
49
What is the remainder when 92 is divided by 35?
22
What is the remainder when 3477 is divided by 27?
21
What is the remainder when 1814 is divided by 44?
10
Calculate the remainder when 74 is divided by 29.
16
Calculate the remainder when 735 is divided by 256.
223
Calculate the remainder when 77 is divided by 28.
21
Calculate the remainder when 7104 is divided by 2367.
3
Calculate the remainder when 1301 is divided by 195.
131
Calculate the remainder when 62 is divided by 6.
2
Calculate the remainder when 260 is divided by 66.
62
Calculate the remainder when 1637 is divided by 815.
7
Calculate the remainder when 673 is divided by 169.
166
Calculate the remainder when 1655 is divided by 24.
23
Calculate the remainder when 1142 is divided by 191.
187
Calculate the remainder when 111 is divided by 35.
6
What is the remainder when 27 is divided by 3?
0
Calculate the remainder when 1306 is divided by 162.
10
Calculate the remainder when 587 is divided by 19.
17
What is the remainder when 9787 is divided by 178?
175
Calculate the remainder when 276 is divided by 28.
24
What is the remainder when 330 is divided by 83?
81
What is the remainder when 18844 is divided by 54?
52
Calculate the remainder when 102 is divided by 15.
12
What is the remainder when 477 is divided by 48?
45
Calculate the remainder when 5701 is divided by 49.
17
What is the remainder when 211 is divided by 64?
19
What is the remainder when 317 is divided by 145?
27
What is the remainder when 362 is divided by 60?
2
What is the remainder when 544 is divided by 46?
38
Calculate the remainder when 626 is divided by 19.
18
What is the remainder when 778 is divided by 254?
16
What is the remainder when 1817 is divided by 13?
10
Calculate the remainder when 147 is divided by 38.
33
What is the remainder when 523 is divided by 122?
35
What is the remainder when 33 is divided by 4?
1
What is the remainder when 120 is divided by 37?
9
Calculate the remainder when 326 is divided by 37.
30
Calculate the remainder when 358 is divided by 47.
29
What is the remainder when 88 is divided by 17?
3
What is the remainder when 699 is divided by 263?
173
What is the remainder when 1139 is divided by 79?
33
What is the remainder when 149 is divided by 108?
41
What is the remainder when 497 is divided by 25?
22
What is the remainder when 490 is divided by 488?
2
Calculate the remainder when 3059 is divided by 1524.
11
What is the remainder when 242 is divided by 119?
4
What is the remainder when 30 is divided by 7?
2
What is the remainder when 9535 is divided by 53?
48
What is the remainder when 35 is divided by 9?
8
Calculate the remainder when 81 is divided by 29.
23
Calculate the remainder when 105 is divided by 23.
13
Calculate the remainder when 108 is divided by 58.
50
What is the remainder when 5 is divided by 2?
1
What is the remainder when 396 is divided by 4?
0
Calculate the remainder when 58 is divided by 4.
2
Calculate the remainder when 25143 is divided by 198.
195
What is the remainder when 292 is divided by 59?
56
What is the remainder when 266 is divided by 19?
0
Calculate the remainder when 700 is divided by 40.
20
Calculate the remainder when 854 is divided by 168.
14
Calculate the remainder when 584 is divided by 165.
89
Calculate the remainder when 195 is divided by 28.
27
Calculate the remainder when 723 is divided by 127.
88
Calculate the remainder when 1503 is divided by 749.
5
Calculate the re